{"id":14,"date":"2015-12-29T16:38:37","date_gmt":"2015-12-29T14:38:37","guid":{"rendered":"http:\/\/www.pratikosgb.com\/?page_id=14"},"modified":"2016-05-20T00:32:02","modified_gmt":"2016-05-19T21:32:02","slug":"vizyonumuz","status":"publish","type":"page","link":"http:\/\/www.pratikosgb.com\/index.php\/kurumsal\/vizyonumuz\/","title":{"rendered":"Vizyonumuz"},"content":{"rendered":"<p>PRAT\u0130K OSGB olarak vizyonumuz; \u0130\u015f kazas\u0131 ve meslek hastal\u0131klar\u0131n\u0131n \u00f6nlenmesi ile i\u015f sa\u011fl\u0131\u011f\u0131 ve g\u00fcvenli\u011fi k\u00fclt\u00fcr\u00fcn\u00fcn olu\u015fturulmas\u0131nda, insana de\u011fer veren, yetkin personeli ile kaliteli hizmetler sunan sekt\u00f6r\u00fcn\u00fcn aranan kurulu\u015flar\u0131ndan birisi olmakt\u0131r.<\/p>\n","protected":false},"excerpt":{"rendered":"<p>PRAT\u0130K OSGB olarak vizyonumuz; \u0130\u015f kazas\u0131 ve meslek hastal\u0131klar\u0131n\u0131n \u00f6nlenmesi ile i\u015f sa\u011fl\u0131\u011f\u0131 ve g\u00fcvenli\u011fi k\u00fclt\u00fcr\u00fcn\u00fcn olu\u015fturulmas\u0131nda, insana de\u011fer veren, yetkin personeli ile kaliteli hizmetler sunan sekt\u00f6r\u00fcn\u00fcn aranan kurulu\u015flar\u0131ndan birisi olmakt\u0131r.<\/p>\n","protected":false},"author":1,"featured_media":0,"parent":9,"menu_order":0,"comment_status":"closed","ping_status":"closed","template":"","meta":{"footnotes":""},"class_list":["post-14","page","type-page","status-publish","hentry"],"_links":{"self":[{"href":"http:\/\/www.pratikosgb.com\/index.php\/wp-json\/wp\/v2\/pages\/14"}],"collection":[{"href":"http:\/\/www.pratikosgb.com\/index.php\/wp-json\/wp\/v2\/pages"}],"about":[{"href":"http:\/\/www.pratikosgb.com\/index.php\/wp-json\/wp\/v2\/types\/page"}],"author":[{"embeddable":true,"href":"http:\/\/www.pratikosgb.com\/index.php\/wp-json\/wp\/v2\/users\/1"}],"replies":[{"embeddable":true,"href":"http:\/\/www.pratikosgb.com\/index.php\/wp-json\/wp\/v2\/comments?post=14"}],"version-history":[{"count":2,"href":"http:\/\/www.pratikosgb.com\/index.php\/wp-json\/wp\/v2\/pages\/14\/revisions"}],"predecessor-version":[{"id":2672,"href":"http:\/\/www.pratikosgb.com\/index.php\/wp-json\/wp\/v2\/pages\/14\/revisions\/2672"}],"up":[{"embeddable":true,"href":"http:\/\/www.pratikosgb.com\/index.php\/wp-json\/wp\/v2\/pages\/9"}],"wp:attachment":[{"href":"http:\/\/www.pratikosgb.com\/index.php\/wp-json\/wp\/v2\/media?parent=14"}],"curies":[{"name":"wp","href":"https:\/\/api.w.org\/{rel}","templated":true}]}}