{"id":2520,"date":"2015-12-29T23:27:33","date_gmt":"2015-12-29T21:27:33","guid":{"rendered":"http:\/\/www.pratikosgb.com\/?page_id=2520"},"modified":"2016-01-01T21:44:49","modified_gmt":"2016-01-01T19:44:49","slug":"egitim-hizmetleri","status":"publish","type":"page","link":"http:\/\/www.pratikosgb.com\/index.php\/hizmetlerimiz\/egitim-hizmetleri\/","title":{"rendered":"E\u011fitim Hizmetleri"},"content":{"rendered":"<h1 class=\"entry-title\">E\u011fitim Hizmetleri<\/h1>\n<div class=\"entry-content\">\n<div><strong>E\u011fitimlerimiz<\/strong><\/div>\n<div>\n<ul>\n<li>\u0130\u015f g\u00fcvenli\u011fi e\u011fitimi<\/li>\n<li>\u0130lk yard\u0131m e\u011fitimi<\/li>\n<li>Yang\u0131n e\u011fitimi<\/li>\n<li>\u0130\u015f sa\u011fl\u0131\u011f\u0131 e\u011fitimleri<\/li>\n<li>Risk de\u011ferlendirme e\u011fitimi<\/li>\n<li>G\u00fcvenlik bilgi formu e\u011fitimi (MSDS)<\/li>\n<li>Sosyal g\u00fcvenlik hukuku e\u011fitimi<\/li>\n<li>Ergonomi e\u011fitimi<\/li>\n<li>Y\u00fcksekte \u00e7al\u0131\u015fma e\u011fitimi<\/li>\n<li>Psikososyal e\u011fitimler<\/li>\n<li>\u0130nsan kaynaklar\u0131 y\u00f6netimi e\u011fitimi<\/li>\n<li>Kalite Y\u00f6netim Sistemleri E\u011fitimi<\/li>\n<\/ul>\n<\/div>\n<\/div>\n","protected":false},"excerpt":{"rendered":"<p>E\u011fitim Hizmetleri E\u011fitimlerimiz \u0130\u015f g\u00fcvenli\u011fi e\u011fitimi \u0130lk yard\u0131m e\u011fitimi Yang\u0131n e\u011fitimi \u0130\u015f sa\u011fl\u0131\u011f\u0131 e\u011fitimleri Risk de\u011ferlendirme e\u011fitimi G\u00fcvenlik bilgi formu e\u011fitimi (MSDS) Sosyal g\u00fcvenlik hukuku e\u011fitimi Ergonomi e\u011fitimi Y\u00fcksekte \u00e7al\u0131\u015fma e\u011fitimi Psikososyal e\u011fitimler \u0130nsan kaynaklar\u0131 y\u00f6netimi e\u011fitimi Kalite Y\u00f6netim Sistemleri E\u011fitimi<\/p>\n","protected":false},"author":1,"featured_media":0,"parent":2500,"menu_order":0,"comment_status":"closed","ping_status":"closed","template":"","meta":{"footnotes":""},"class_list":["post-2520","page","type-page","status-publish","hentry"],"_links":{"self":[{"href":"http:\/\/www.pratikosgb.com\/index.php\/wp-json\/wp\/v2\/pages\/2520"}],"collection":[{"href":"http:\/\/www.pratikosgb.com\/index.php\/wp-json\/wp\/v2\/pages"}],"about":[{"href":"http:\/\/www.pratikosgb.com\/index.php\/wp-json\/wp\/v2\/types\/page"}],"author":[{"embeddable":true,"href":"http:\/\/www.pratikosgb.com\/index.php\/wp-json\/wp\/v2\/users\/1"}],"replies":[{"embeddable":true,"href":"http:\/\/www.pratikosgb.com\/index.php\/wp-json\/wp\/v2\/comments?post=2520"}],"version-history":[{"count":2,"href":"http:\/\/www.pratikosgb.com\/index.php\/wp-json\/wp\/v2\/pages\/2520\/revisions"}],"predecessor-version":[{"id":2611,"href":"http:\/\/www.pratikosgb.com\/index.php\/wp-json\/wp\/v2\/pages\/2520\/revisions\/2611"}],"up":[{"embeddable":true,"href":"http:\/\/www.pratikosgb.com\/index.php\/wp-json\/wp\/v2\/pages\/2500"}],"wp:attachment":[{"href":"http:\/\/www.pratikosgb.com\/index.php\/wp-json\/wp\/v2\/media?parent=2520"}],"curies":[{"name":"wp","href":"https:\/\/api.w.org\/{rel}","templated":true}]}}